(p) = p**2 + 12*p - 493. Determine z(-29).
0
Let l(s) = s**3 + 227*s**2 - 459*s - 211. Calculate l(-229).
18
Let a(p) = p**2 - 50*p - 280. Determine a(55).
-5
Let p(t) = 552*t - 4430. Calculate p(8).
-14
Let r(p) = 2*p**2 - 2*p + 98. Calculate r(-8).
242
Let a(j) = -13*j**2 - 972*j - 713. What is a(-74)?
27
Let b(n) = n**3 - 13*n**2 + 24*n + 53. Determine b(9).
-55
Let u(s) = 2*s**3 + 33*s**2 - 3*s + 268. Determine u(-17).
30
Let a(l) = -300*l - 153. Determine a(0).
-153
Let i(d) = d**2 - 65*d - 154. Calculate i(63).
-280
Let p(w) = w**3 - 11*w**2 - 110*w + 1161. Determine p(12).
-15
Let d(j) = 10*j - 296. Determine d(32).
24
Let s(w) = w**3 - 30*w**2 + 223*w + 87. Give s(16).
71
Let g(n) = 4*n**2 + 49*n - 102. Determine g(-21).
633
Let g(a) = a**3 + 139*a**2 - 1180*a - 588. Calculate g(-147).
0
Let t(m) = -46*m + 2766. Determine t(60).
6
Let c(p) = -51*p - 199. Give c(-3).
-46
Let s(v) = -2*v**2 + 159*v - 942. Determine s(6).
-60
Let z(y) = 121*y + 6003. Give z(-53).
-410
Let y(q) = -q**3 + 75*q**2 + 63*q + 997. Give y(76).
9
Let w(n) = n**3 - 16*n**2 + 17*n + 47. Give w(14).
-107
Let x(s) = 1865*s - 11194. Calculate x(6).
-4
Let u(z) = 2*z**3 - 53*z**2 + 77*z - 61. What is u(25)?
-11
Let b(n) = -n**3 - 252*n**2 - 505*n - 1228. Give b(-250).
22
Let b(u) = 2*u**3 + 39*u**2 - 22*u - 36. What is b(-20)?
4
Let w(u) = u**3 + 144*u**2 + 341*u - 11571. Calculate w(-141).
-9
Let f(z) = -157*z - 141. What is f(-1)?
16
Let n(h) = h**2 - 558*h - 5163. Determine n(-9).
-60
Let n(b) = -1236*b - 4955. Give n(-4).
-11
Let m(l) = -l**3 + 38*l**2 + 2*l - 75. Calculate m(38).
1
Let q(i) = -i**3 + 7*i**2 + 4*i + 4. Determine q(6).
64
Let o(m) = m**2 - 23*m - 264. Determine o(31).
-16
Let g(o) = 22*o**2 - 105*o + 84. Give g(4).
16
Let k(d) = -12*d - 222. Calculate k(-19).
6
Let z(j) = 81*j**3 - 3*j**2 - 65*j + 65. Determine z(1).
78
Let i(f) = 39*f**3 + 5*f**2 - 3*f - 7. What is i(-2)?
-293
Let y(q) = -q**2 + 8216*q + 24647. Calculate y(-3).
-10
Let x(l) = 5*l - 221. Calculate x(23).
-106
Let y(d) = 2*d**2 + 123*d + 618. Give y(-56).
2
Let d(x) = x**3 - 11*x**2 - 171*x + 1848. Give d(11).
-33
Let j(u) = 9*u**3 - 6*u**2 - 4*u + 4. Give j(1).
3
Let v(q) = -q**3 - q**2 + 3*q - 40. Give v(0).
-40
Let b(x) = 11*x**3 - 175*x**2 - 29*x + 211. Determine b(16).
3
Let s(u) = -u**3 + 23*u. Determine s(5).
-10
Let t(k) = -3803*k - 72248. What is t(-19)?
9
Let s(q) = 2*q**3 + 89*q**2 - 152*q - 608. Calculate s(-46).
36
Let p(w) = 214*w + 424. Calculate p(-2).
-4
Let f(i) = i**3 - 13*i**2 - 260*i + 3422. Determine f(14).
-22
Let i(a) = -a**3 - 14*a**2 + 14*a + 351. What is i(-6)?
-21
Let v(d) = 1416*d + 471532. Calculate v(-333).
4
Let c(y) = 2*y**2 - 4*y - 297. Give c(-11).
-11
Let t(s) = -111*s - 3431. Calculate t(-31).
10
Let w(x) = 2*x**2 - 52*x + 55. Give w(35).
685
Let z(h) = -14*h - 373. Calculate z(-30).
47
Let z(y) = 4*y**3 - 4*y**2 + 3*y + 22. What is z(-3)?
-131
Let i(u) = -13*u - 425. Give i(-33).
4
Let o(k) = 236*k**2 - 7*k + 8. Calculate o(1).
237
Let k(t) = -t**3 + 37*t**2 + 43*t - 187. Determine k(38).
3
Let d(j) = 61*j + 3048. Calculate d(-50).
-2
Let l(m) = -6*m**2 + 29*m + 12. Determine l(8).
-140
Let a(l) = -l**2 - 26*l - 66. Determine a(-3).
3
Let y(z) = 2*z**3 - 14*z**2 - 44*z + 227. What is y(8)?
3
Let g(l) = l**3 + 21*l**2 + 71*l + 2696. Calculate g(-23).
5
Let u(v) = 3*v**3 - 196*v**2 - 125*v - 119. Calculate u(66).
343
Let x(a) = -a**2 - 84*a + 747. Give x(-92).
11
Let g(c) = 43*c**2 - 7478*c - 699. Determine g(174).
-3
Let g(z) = -557*z - 2240. Determine g(-4).
-12
Let y(i) = -i**2 + 1162*i - 6927. Calculate y(6).
9
Let l(h) = -15*h**3 - 5*h**2 - 7*h - 2. What is l(-1)?
15
Let g(o) = o**3 + 102*o**2 + 2478*o - 109. Determine g(-62).
15
Let t(g) = 5*g**2 - 5*g - 67. What is t(-6)?
143
Let g(k) = 41*k + 149. What is g(-3)?
26
Let g(w) = -w**2 - 50*w - 555. Calculate g(-36).
-51
Let i(x) = -113*x - 181. Determine i(-2).
45
Let g(c) = -c**2 + 464*c - 945. Determine g(2).
-21
Let z(l) = -l**3 + 8*l**2 - 10*l - 13. Determine z(5).
12
Let f(q) = 187*q - 132. Calculate f(0).
-132
Let p(o) = 22*o**3 + 42*o**2 - 41*o. Determine p(1).
23
Let i(k) = 8*k**2 + 33*k - 27. Determine i(1).
14
Let s(q) = -4*q**3 + 2*q**2 - q - 16. Determine s(4).
-244
Let h(i) = i**3 - 28*i + 71. Determine h(4).
23
Let h(z) = -47*z - 2120. Calculate h(-45).
-5
Let g(y) = -2*y**2 - 1227*y + 39960. Determine g(31).
1
Let t(k) = -33*k - 85. Determine t(-4).
47
Let f(z) = -2*z + 139. What is f(9)?
121
Let l(r) = 94*r - 11182. Give l(119).
4
Let z(s) = s**2 - 219*s - 1354. Calculate z(-6).
-4
Let o(g) = g**2 + 63*g - 398. What is o(-70)?
92
Let w(s) = 19*s + 797. Give w(-45).
-58
Let p(x) = 23*x + 720. Calculate p(-32).
-16
Let u(n) = 2*n**2 + 21*n - 16. Give u(7).
229
Let p(v) = -66*v - 7397. What is p(-112)?
-5
Let z(r) = 300*r + 588. Determine z(-2).
-12
Let p(l) = 315*l - 1010. Give p(5).
565
Let v(c) = -3*c**3 - 15*c**2 - 34*c - 22. Calculate v(-2).
10
Let p(b) = 2*b**3 + 77*b**2 + 39*b + 46. Give p(-38).
8
Let d(s) = -s**3 - 7*s**2 - 15*s - 13. Give d(-3).
-4
Let f(n) = 3*n**2 - 14*n - 276. Calculate f(12).
-12
Let o(k) = 82*k**3 + 5*k**2 + 8*k + 1. Calculate o(-1).
-84
Let k(l) = 5*l**3 - 27*l**2 - 5*l - 55. What is k(6)?
23
Let o(d) = -1643*d**2 - 2*d + 4. Give o(0).
4
Let w(u) = u**3 + 27*u**2 + 126*u + 356. Give w(-22).
4
Let w(x) = 101*x + 3556. Calculate w(-35).
21
Let y(p) = -2*p**2 + 72*p + 108. Determine y(32).
364
Let h(w) = -163*w + 1119. Calculate h(6).
141
Let r(l) = -27*l**2 + 490*l - 32. Determine r(18).
40
Let s(y) = 2*y**3 + 35*y**2 + 116*y - 30. What is s(-4)?
-62
Let c(z) = 118*z + 3770. Calculate c(-32).
-6
Let i(t) = -27*t**2 + 311*t + 161. Determine i(12).
5
Let w(b) = b**3 + 11*b**2 - 68*b. Determine w(7).
406
Let o(f) = -33*f - 83. Calculate o(4).
-215
Let m(p) = p**3 + 100*p**2 + 107*p + 619. What is m(-99)?
-173
Let t(j) = 3*j**3 - 95*j**2 + 62*j - 20. Give t(31).
-20
Let o(k) = -6*k**2 + 16*k - 12. What is o(12)?
-684
Let t(b) = -12*b**3 - 16*b**2 + 2*b + 6. What is t(0)?
6
Let q(y) = -y**2 - 31*y - 53. Calculate q(-40).
-413
Let f(t) = -t**3 + 7*t**2 + 3*t - 20. Calculate f(8).
-60
Let i(q) = -4*q + 115. Determine i(24).
19
Let y(f) = f**3 - 31*f**2 + 26*f + 165. Calculate y(30).
45
Let f(n) = -270*n + 604. Calculate f(2).
64
Let d(b) = b**3 + 12*b**2 - 3*b + 2. Determine d(-12).
38
Let h(x) = 750*x + 74999. What is h(-100)?
-1
Let r(g) = g**3 + 71*g**2 - 152*g - 197. Determine r(-73).
241
Let g(j) = -2*j**2 - 98*j - 384. Determine g(-4).
-24
Let n(p) = -p**3 - 15*p**2 + 10*p - 6. Calculate n(-8).
-534
Let r(y) = y**2 - 12*y - 1. Calculate r(-5).
84
Let t(o) = o**2 - 1734*o - 10437. Calculate t(-6).
3
Let i(s) = -1815*s - 3746. Calculate i(-2).
-116
Let n(c) = c**2 + 39*c - 77. Give n(2).
5
Let y(g) = -3*g**2 - 107*g - 105. Determine y(-1).
-1
Let o(g) = -75*g + 4593. Calculate o(61).
18
Let a(o) = 114*o - 1254. Determine a(11).
0
Let k(i) = i**2 + 118*i + 11. Give k(0).
11
Let c(x) = x**3 + 62*x**2 + 230*x - 130. Calculate c(-58).
-14
Let b(h) = 136*h - 357. Determine b(-3).
-765
Let y(b) = -120*b - 812. What is y(-7)?
28
Let w(x) = 413*x + 130928. Calculate w(-317).
7
Let q(t) = 74*t - 21. Calculate q(1).
53
Let r(k) = -k**3 - 28*k**2 - 2*k - 41. What is r(-28)?
15
Let q(p) = -20*p**2 - 2101*p - 75. Calculate q(-105).
30
Let u(p) = 27*p**2 - 4*p - 4. Give u(1).
19
Let s(b) = 202*b**2 - 14*b - 16. Give s(-1).
200
Let y(t) = -167*t + 265. Determine y(2).
-69
Let r(s) = s**3 - 14*s**2 - 50*s + 151. What is r(18)?
547
Let r(s) = 371*s - 2219. What is r(6)?
7
Let k(h) = h**3 - 5*h**2 + 113*h - 560. Calculate k(5).
5
Let y(d) = -d**2 + 24*d + 46. Give y(19).
141
Let r(g) = -12*g**3 - 3*g**2 + 4*g + 5. What is r(-3)?
290
Let h(g) = -g**2 - 17*g - 92. Give h(-14).
-50
Let j(v) = -16*v**2 - 2091*v + 694. What is j(-131)?
39
Let p(a) = 370*a + 14. Determine p(0).
14
Let f(j) = 2*j**3 - 4*j**2 + 28*j + 8. What is f(5)?
298
Let l(o) = -o**3 + 31*o**2 - 33*o + 96. Give l(30).
6
Let z(a) = 62*a - 763. Give z(13).
43
Let o(g) = -5*g**2 - 47*g + 232. Determine o(5).
-128
Let j(r) = 4*r**2 + 19*r + 60. Give j(-7).
123
Let d(w) = -w**2 + 103*w - 285. Give d(102).
-183
Let d(p) = 3*p**2 + 4*p - 49. Determine d(-8).
111
Let i(r) = -6*r**3 + 63*r**2 - 12*r + 15. Give i